4. Is c a prime number?
True
Let o(k) = -k**3 - 20*k**2 - 36*k + 10. Let v be o(-18). Let x(q) = 6*q**3 - 7*q**2 - q + 21. Is x(v) a prime number?
False
Suppose -3*h - 19062 = -0*k + 2*k, 0 = 2*h + 2*k + 12706. Let d = 9398 + h. Let o = d - -1789. Is o a prime number?
True
Suppose 13*k + 4841220 = 73*k. Is k prime?
True
Let q be (1 - -1)/((-6163422)/(-1232682) - 5). Suppose 34*y - 15*y = q. Is y a composite number?
True
Suppose 332856 = 6*z + 118374. Is z a composite number?
False
Let b(m) = -316*m - 53. Let n(r) = -157*r - 27. Let h(u) = 3*b(u) - 7*n(u). Is h(5) prime?
False
Let h = 1293509 + -764190. Is h prime?
False
Suppose -9522671 - 8915311 = -34*h + 1640140. Is h composite?
True
Suppose -3*p + 4*r + 59 = 0, 0*p - 67 = -3*p - 4*r. Suppose a - 6*a - 4*k + 7 = 0, -3*k = -5*a + p. Let q(c) = 24*c**2 - 8*c + 19. Is q(a) a composite number?
False
Suppose -3377312 = -1635*u + 1603*u. Is u a prime number?
True
Suppose -2*t + 2*r = -15052, -r + 0 + 1 = 0. Let g = -8430 + 4594. Let h = g + t. Is h composite?
False
Let k(t) = 5*t**2 + 35*t + 1151. Is k(68) a composite number?
True
Let u be -5 - (1050/(-135) - 2/9). Is (u + 10)/((-9)/(-1899)) prime?
False
Let z(m) be the third derivative of 1168*m**6/15 + m**5/30 + 173*m**2. Is z(1) prime?
False
Let m be -1*((-6)/(-9) - (-220)/30). Let r(h) = -513*h + 223. Is r(m) composite?
False
Let f be 1 + -6 - (7792 - -13). Let x = -2621 - f. Is x composite?
False
Suppose 0 = -10265*j + 10272*j - 184289. Is j composite?
True
Suppose 5 = 3*r - 7. Suppose k - r*j + 6*j - 596 = 0, 0 = 2*k - j - 1192. Let q = k - 333. Is q a prime number?
True
Let y(s) = 515*s**2 + 131*s + 2003. Is y(-18) prime?
False
Let m = 519858 - 162401. Is m prime?
False
Suppose 3*b + 4*d = 9, -23*d = 4*b - 27*d + 44. Let a(y) = -y**3 + 2*y - 12. Let p(c) = 2*c**3 + c**2 - 4*c + 23. Let o(g) = -5*a(g) - 3*p(g). Is o(b) prime?
True
Let b be 2/(-7) - (-580)/70. Let h(v) = 4*v - b*v + 15*v**2 - 28 - 6*v + 20*v. Is h(5) a prime number?
True
Let u(t) = -884*t - 2099. Is u(-74) a prime number?
True
Suppose -27*k - 4236 = -25*k. Let q = 2921 - k. Is q a prime number?
True
Let t(a) = -a + 11. Let y be t(8). Suppose 1 + 4 = -y*x + 4*j, 0 = 2*x - j - 5. Suppose x*u - 4*l - 6983 = -672, 2*l = u - 1267. Is u composite?
False
Let l(m) = -2*m**3 - 5*m**2 - 12*m - 221. Is l(-42) a prime number?
False
Suppose 17*l + 7811 = 4*m + 12*l, -3*m + 5872 = -l. Let a = m - -524. Is a a prime number?
False
Suppose -172*s + 5 = -167*s. Is s/3*(5 + (-13 - -45065)) prime?
False
Suppose 3*p = 6, 38*p = z + 39*p - 383445. Is z composite?
True
Let y = 199688 + 25653. Is y a composite number?
False
Let w be (((-33)/44)/3*-26)/(2/(-4)). Let l(h) be the third derivative of -29*h**4/24 + 17*h**3/6 + h**2. Is l(w) a composite number?
True
Suppose -x = 3*j - 5*j - 4584, -3*x + 13768 = -2*j. Suppose -2*o = -18*o - x. Let v = o + 808. Is v a composite number?
False
Let t(u) = u**2 - 7*u - 36. Let n be t(12). Let m be (-1*10454/(-4))/(n/48). Let w = m - 3726. Is w prime?
False
Let d(c) = 1540*c**2 - 29*c - 111. Is d(-5) composite?
True
Suppose -5*o = -2*d + 15, d + o = -0 + 4. Let u(v) = 86*v**2 + 12*v - 31. Is u(d) a prime number?
True
Suppose 17*d = -17*d - 612. Let w(u) = u**2 - 14*u - 13. Is w(d) prime?
True
Let t = -174 + 171. Let p(f) = -219*f**3 + 2*f**2 - f + 1. Is p(t) composite?
True
Let a(c) = -3*c - 8. Let y be a(-4). Let k = 107 - 107. Suppose -4*p = -4*t - 4012 + 1304, y*p + t - 2718 = k. Is p a prime number?
False
Let u be (-39 + 3)/(6/(-4)). Let q(o) = 3*o**2 + 15*o + 271. Is q(u) a composite number?
True
Suppose -544*k = -3*a - 542*k + 265077, 5*k + 353443 = 4*a. Is a a prime number?
False
Let z(c) = 3*c - 15. Let m be z(6). Suppose -m*x + 163 + 722 = 0. Is x a composite number?
True
Suppose 0 = 5*i + 2 - 17. Suppose 3*r + 9 = 4*z, -i*r - 9 = -0*r + 5*z. Is ((-1442)/1)/(r + 1) a composite number?
True
Let s = 420800 + -81907. Is s a prime number?
True
Let q be (-1)/1 - (-5)/(-10)*-6. Suppose -q*t = r - 7178, 4*t - 5775 = 4*r + 8581. Is t a prime number?
False
Let n = 49656 - -17453. Is n a prime number?
False
Let d(p) = -8151*p + 47. Let w be d(-4). Suppose -8*r = -w + 3523. Is r prime?
False
Suppose -5*s - b = -1022587, -4*s + b + 818062 = -2*b. Is s composite?
False
Is (-20 + 6286660/120)/((-1)/(-6)) prime?
True
Let o(g) = g**2 + 143*g + 35. Is o(24) a composite number?
True
Suppose 0 = 4*a + q - 1424953, a - 26*q - 356227 = -24*q. Is a a composite number?
True
Let q(o) = 6*o**3 - 8*o**2 + 26*o - 373. Is q(9) a prime number?
False
Let d = 61456 + -42977. Is d prime?
False
Suppose t = -1, -56*z + 2*t + 1210697 = -53*z. Is z a prime number?
False
Suppose 3*w - 4*w + 11 = -5*p, 5*w - 2*p = 101. Let i be (-9)/w - (-28884)/(-28). Let m = 527 - i. Is m prime?
True
Suppose 398835 = 6*v - 1088103. Is v a composite number?
True
Suppose m + 18 = -5*i, 2*i + 9 = m - 8. Let j(v) = 162*v**2 - 23*v + 124. Is j(m) a composite number?
False
Suppose -134058 = 61*p - 55*p. Let v = 39634 + p. Is v a prime number?
True
Let f(s) = 5*s**2 - 139*s + 5. Let o be 8/((-128)/(-6)) + 762/16. Is f(o) prime?
False
Let w = -209421 + 319898. Is w a composite number?
False
Suppose 3*x + 2*q = 253296, -168286 = -2*x - q + 578. Let z be ((-4)/6)/(3 + x/(-28143)). Suppose -13*c + 2495 = -z. Is c composite?
False
Suppose 0 = 84*c - 77*c + 59213. Suppose k + 3303 = 5*g - 2*g, -4*g = k + 3310. Let w = k - c. Is w a prime number?
True
Suppose 134*f - 11493 = 137*f. Is (18/6 - f) + -8 prime?
False
Let g be 5 - (-238)/(-49) - (-2094)/(-7). Let t = -159 - g. Suppose 4*c + 3*i = 1012, 3*c + 4*i - t = 619. Is c a prime number?
False
Suppose -58*h + 52*h = -1158. Let f = -44 + h. Is f a prime number?
True
Let q = -391 - -394. Let z(u) = 4532*u - 59. Is z(q) a prime number?
True
Let m = -37640 - -22420. Let z = -9441 - m. Is z composite?
False
Suppose -162*h - 5*u - 200089 = -164*h, -h + 100062 = u. Is h a prime number?
True
Suppose -t + g = -29914, -t - 3*g = 5332 - 35258. Is t a prime number?
True
Let f(z) = 881*z + 24. Let u be (1/(-4) - 100/160)*-8. Is f(u) composite?
True
Let o be (-8)/2 + (-3)/(-1). Let h(k) = k**3 + 2*k + 2. Let u be h(o). Is u*1778/(-3 - -1) a prime number?
False
Let h = -14 - -20. Let y(a) = h*a**2 - 11*a - 4*a**2 + 0*a**2 + 1. Is y(-14) prime?
True
Let y = -21 - -26. Suppose -g = 2*o - y*g + 17642, -4*o = 4*g + 35224. Is 2/3*o/(-6) prime?
False
Suppose -27*r - 546474 + 956953 = -2566784. Is r composite?
False
Let n = -23 + 26. Let u be (-6 + n + 2 - 562)/(-1). Let v = -328 + u. Is v a composite number?
True
Suppose 34 = 8*h - 86. Suppose 2*o + 1 + 1 = 0. Is (-5)/(h/633)*o composite?
False
Suppose 3*a = -9, 2*k - 3*a - 145791 - 110120 = 0. Is k a prime number?
True
Let y be (2 - (-48)/(-20)) + (-29916)/(-15). Let a = -1152 + y. Suppose 7 = 4*r - 5, -4*r + a = 5*p. Is p a prime number?
False
Suppose 2*a - 2 = 0, 2*c - 4*a = 7*c - 209. Let f = -3154 + c. Is -4 - (-5 - -4) - (f + 1) a prime number?
True
Let w(y) = 63*y**2 - y - 5. Let o be w(-4). Is -1*(-10)/5 + o prime?
True
Let i be (-4)/(-6)*179124/(-88). Let p = i + 2244. Is p composite?
False
Let o be 8/((-160)/35)*(-6268 - 0). Let s = o - 7155. Is s composite?
True
Let q(u) = 2*u + 6 - u + 3*u - 20. Let m be q(4). Suppose -m*r + 38 - 8 = 0. Is r prime?
False
Let z be 4 - (-2)/2 - (52 - 49). Suppose 601 = 2*p + 2*l - 395, z*p + l - 991 = 0. Is p a composite number?
True
Let y(x) = -x**2 - 7*x + 1409. Let b = -107 + 107. Is y(b) a prime number?
True
Suppose -4*k - 1481 = -3*i - 18338, k = -4*i - 22495. Is (i/(-3))/((-20)/(-6) - 3) composite?
False
Let d = 255 + -249. Is d/45 - (-48763)/15 a prime number?
True
Let a(p) = 1069*p**2 - 39*p - 467. Is a(-10) composite?
False
Let i be 13406/6 - (-1)/(-3). Let l = i + -1111. Is l composite?
False
Let t = -14013 - -6008. Let v = 12084 + t. Is v prime?
True
Let l be (-16)/6*(-90)/24. Suppose -l = -15*b + 10*b. Suppose -3*z - 5*x + 176 = 0, z - b*z = 4*x - 47. Is z composite?
False
Suppose 758*b = 762*b + 24. Is 3/(45/b) + (-40835)/(-25) prime?
False
Let i be -5*12/(-150)*(-75)/(-6). Suppose 34*t = 38*t - l - 144480, 180591 = i*t + l. Is t a composite number?
True
Let v be 0 + (2/(-1))/((-2)/383). Let m = 5600 - v. Suppose -9*d = -m - 1704. Is d prime?
True
Let u = 11 + -9. Let n(l) = -8